 j?
11
Let p(s) = -s - 6. Let n be p(-10). Let a = n + 21. Calculate the remainder when 18 is divided by ((-4)/(-5))/(2/a).
8
Suppose -2 = -u - 0. Suppose u*h = 5*v + 75, -5 = -2*h - 3*v + 30. What is the remainder when 74 is divided by h?
24
Let g(d) = d**2 + 3*d + 1. Let z(x) = 2*x + 1. Let l(i) = -2*g(i) + 3*z(i). Let v be l(3). Let f = 30 + v. Calculate the remainder when 25 is divided by f.
12
Let o = -23 + 58. What is the remainder when 69 is divided by o?
34
Let a(q) = -q**2 - 7*q - 7. Let v be a(-5). Suppose -v*x + 22 + 2 = 0. Calculate the remainder when x is divided by (-1)/2 + 22/4.
3
Let z = 62 + -62. Let c = 2 + 3. Suppose z = c*f - 3*l - l - 246, -3*f = 4*l - 122. What is the remainder when f is divided by 16?
14
Let s = -330 + 333. Let l(v) = -v**2 + 2. What is the remainder when s is divided by l(0)?
1
Let y be 1*3*(1 - 2). Calculate the remainder when 58 is divided by y*44/(-6) - 2.
18
Let j = -10 + 22. Calculate the remainder when 16 is divided by j.
4
Let x(f) = f - 1. Let p(w) = 36*w - 12. Let q(t) = -p(t) + 9*x(t). What is the remainder when q(-3) is divided by 29?
26
Calculate the remainder when 35 is divided by 9 - (-2 + 3)*-1.
5
Let a = -40 - -49. Calculate the remainder when a is divided by 5.
4
Let j = 3 - 3. Suppose 2*r + 2*r = j. Suppose r + 20 = 2*o. Calculate the remainder when o is divided by 6.
4
Let l = 25 - 10. Let j(o) = 2*o**3 - 10*o**2 - 7*o + 14. Calculate the remainder when j(6) is divided by l.
14
Let v = -58 + 122. Calculate the remainder when 1 - 7/((-7)/v) is divided by 17.
14
Suppose -3*v + v + 746 = 4*y, -183 = -y - 4*v. Calculate the remainder when y is divided by 27.
25
Let m = 7 + 1. Let y(k) = 2*k + 2 - 7 - k. What is the remainder when 7 is divided by y(m)?
1
Suppose t - 251 + 79 = -4*u, 5*u + 4*t - 226 = 0. What is the remainder when u is divided by 15?
12
Let u = -90 + 94. Calculate the remainder when u is divided by 3.
1
Calculate the remainder when (6/15)/((-1)/(-55)) is divided by 6.
4
Let b = -5 - -6. Let k(w) = 2*w**2. Let a be k(b). Let g = 9 - a. Calculate the remainder when 20 is divided by g.
6
Let w = -7 - -9. Suppose -5*v - 13 = -t, -8*t - w*v + 92 = -3*t. What is the remainder when t is divided by 10?
8
Let d(b) = -2*b + 64. Calculate the remainder when 297 is divided by d(7).
47
Let o(a) = 2*a**2 + a - 1. Let u(x) = x**3 - 2*x**2 + 15*x - 24. What is the remainder when o(-3) is divided by u(2)?
2
Let a = 8 - 7. Suppose -6*t = -3*t. What is the remainder when 38 is divided by 1/(t + a) + 9?
8
Suppose x = -5*f + 53, -4*x = 2*f + 2*f - 52. What is the remainder when 58 is divided by f?
8
Let p(w) = 3*w**3 - 15*w**2 + 2*w - 41. Let r(l) = -l**3 + 5*l**2 - l + 14. Let f(y) = -6*p(y) - 17*r(y). What is the remainder when 5 is divided by f(6)?
1
Suppose 4*d - 14 = -2. Suppose -5*i - 15 = 0, 4*b + 2*i = -2*i - 116. Calculate the remainder when (-4)/(-6) + b/(-6) is divided by d.
2
Let x = 22 - 17. Calculate the remainder when 53 is divided by x.
3
Let s(i) = -i**3 + 9*i**2 - 10*i + 7. Let v be s(8). Calculate the remainder when 34 is divided by -1*v/(-4)*-8.
16
Let d = 52 + -22. What is the remainder when d is divided by 8?
6
Let l be (5/(-4))/(4/(-16)). Let u = 37 - -10. Suppose -l = -4*h + u. What is the remainder when 38 is divided by h?
12
Let k(j) be the second derivative of 7*j**5/10 - 3*j. Calculate the remainder when 2/(-11) + 1495/55 is divided by k(1).
13
Let u(j) = 4*j - 13. What is the remainder when 43 is divided by u(6)?
10
Let m = -21 - -24. Suppose y + y = -m*i + 41, -5*i = -5. Let r = 7 - -4. What is the remainder when y is divided by r?
8
Suppose 81 + 3 = -4*g. Let m = g + 37. Calculate the remainder when 47 is divided by m.
15
Let v(i) = -i**3 + 10*i**2 - 8*i - 5. Suppose -3*j = m - 160, -j - m = -68 + 14. Suppose 5*f + j = 153. Calculate the remainder when v(8) is divided by f.
19
Calculate the remainder when 10 is divided by -2 + (-1 - -1) - -6.
2
Let h be 6 - 8 - 1/1. What is the remainder when 1 - (3 + h + -18) is divided by 10?
9
Let r(k) = k**2 + 10*k - 18. What is the remainder when r(-14) is divided by 14?
10
Let o(u) be the first derivative of -5*u**2 + 1. What is the remainder when 37 is divided by o(-2)?
17
What is the remainder when (-40)/(-15)*(-78)/(-4) is divided by 27?
25
Let o = 3 + -1. Suppose -o*h + 5*k + 3 = 0, -5*h + h = -5*k - 11. Suppose h*m - 6 = 10. Calculate the remainder when 11 is divided by m.
3
Let g(h) = 2*h**2 - 2*h + 3. Suppose 5*f - 7 + 22 = 0. Let i be g(f). Calculate the remainder when 16 is divided by (i/6)/((-1)/(-2)).
7
Let f(t) = t. Let h be f(0). Suppose y + 0*y - 4 = h. Calculate the remainder when (33/12)/(1/4) is divided by y.
3
Let z = -59 + 72. Calculate the remainder when z is divided by 4/(-10) - (-37)/5.
6
Suppose 5*h = 4*y - 193, -3*y - 63 = 3*h - 174. Calculate the remainder when y - 3/6*-2 is divided by 22.
21
Suppose -60 = -5*k - 3*g + 85, -4*k + 116 = -3*g. What is the remainder when k is divided by 8?
5
Let x = -12 + 25. Let y be (-15)/6*18/(-3). Suppose t = 3*a - y, -12 + 32 = 4*a - 4*t. What is the remainder when x is divided by a?
3
Suppose -w = -4*c + 11, 0 = -2*c + 4*c + 3*w + 5. What is the remainder when 12 is divided by c?
0
Let n(r) = r**2 - 7*r - 4. Calculate the remainder when 9 is divided by n(8).
1
Let j(z) = 2*z**2 + 7*z - 2. Let q(u) = u - 2. Let m be q(-4). Calculate the remainder when j(m) is divided by 10.
8
Let b(i) = i**3 + 19*i**2 + 19*i + 31. Calculate the remainder when 23 is divided by b(-18).
10
What is the remainder when (3 + 77)/5 + -2 is divided by 6?
2
Let w be 2 + 5 + -3 + 2. Let p = w - 0. Suppose p*k - 30 = k. What is the remainder when 9 is divided by k?
3
Suppose 2*g = 2*k - 24, -12 = 3*g - 6*g. Suppose 0 = 4*q + k - 92. What is the remainder when (-6)/(-12) + (-73)/(-2) is divided by q?
18
Let d = 41 - -25. Suppose 4*h + d = 4*v + 2*h, -v = 5*h. Calculate the remainder when v is divided by 6.
3
Let k be (-54)/(-5)*(-10)/(-4). Let c = k + -17. Calculate the remainder when 18 is divided by c.
8
Let z(s) = s**3 + 10*s**2 - 5*s - 6. Let c be z(-10). Let b = 117 - c. Calculate the remainder when b is divided by 19.
16
Let d(t) = t - 4. Let y be d(-6). Let k = 4 - y. Calculate the remainder when 26 is divided by k.
12
Let y(h) = 6*h**3 - h**2 + 2*h - 2. Let k = 1 + 9. Suppose o + k = -3*l, 2*o - 5*l - 18 = 3*o. What is the remainder when y(o) is divided by 16?
14
Suppose -6*g + 7*g = 17. Suppose 2*x - 5 = g. What is the remainder when 42 is divided by x?
9
Suppose 0*o = -o - 3. Suppose v = 5*t - 138 - 60, 0 = -5*t - 4*v + 208. Calculate the remainder when t is divided by (o/9 - 2)*-6.
12
Calculate the remainder when 90 is divided by (-207)/36*-2*2.
21
Let a = 1 + 18. Let r = a - -3. What is the remainder when 42 is divided by r?
20
Let f be ((-1)/(-1))/(-1) - (1 + 0). Let w(z) = 4*z**3 - 2*z**2 + 2*z - 2. Let g be w(2). Calculate the remainder when (g - f) + 3*1 is divided by 11.
9
Let q(w) = -w**2 + 14*w + 7. What is the remainder when 34 is divided by q(14)?
6
Calculate the remainder when 96 is divided by 32 + (-4 - -1 - -4).
30
Let r(o) = 52*o**3 + o**2 + o - 1. Let k = -28 + 40. Calculate the remainder when r(1) is divided by -24*(-2 + 15/k).
17
Let k(q) = 13*q**2 + 3 - 10*q - 18*q**2 + 6*q**2. What is the remainder when k(14) is divided by 15?
14
Suppose 4*s = -1 + 149. Suppose 2*p + 7*p = 171. Calculate the remainder when s is divided by p.
18
Suppose 3*s - 8 = s. What is the remainder when 7 is divided by 18/s - 1/(-2)?
2
Suppose 4*z - 3*p - 123 = 2*p, 3*p - 15 = 0. Calculate the remainder when z is divided by 19.
18
Suppose -5*a = -4*x - 14, 2*x + 16 = x - 5*a. Let k(g) = -g**3 - 6*g**2 - 2*g + 1. What is the remainder when 23 is divided by k(x)?
10
Suppose 3 = 3*j - 5*n + 7, 0 = 4*j - 2*n - 18. Let l(r) = 6*r + 2. Calculate the remainder when l(j) is divided by 15.
14
Let r = 42 + -20. Calculate the remainder when r is divided by 6.
4
Let d(b) = -b**3 + 5*b**2 - 4*b + 1. Let v(j) = 4*j - 1. Let a be v(1). Let t be d(a). What is the remainder when 70/4 - t/(-14) is divided by 10?
8
Let x(f) = f**3 - 2*f + 3. Calculate the remainder when x(2) is divided by 2.
1
Let x = -45 + 64. Let h = -10 + x. What is the remainder when 17 is divided by h?
8
Let o = 25 + -18. What is the r